*b, -h = -5*i. List the prime factors of 760/6 - b/(-3).
2
Suppose 52018 = -17*n + 163572. What are the prime factors of n?
2, 17, 193
Let d be (-2)/26 - (-2715)/(-195). Let v(g) = -48*g + 198. What are the prime factors of v(d)?
2, 3, 5, 29
Let c = 3136 - 848. Suppose 5*w + 4*r = c, 4*r - 921 = -4*w + 907. List the prime factors of w.
2, 5, 23
Suppose 2*y + y = 4*p - 3091, -4*p + 3090 = -2*y. Suppose 2*t + 1148 = 3*n, -9*t + 6*t - p = -2*n. What are the prime factors of n?
2, 5, 19
Suppose 2*a = -4*g + 8, -5*g + 9 = 2*a - 0. Suppose -4*p - 3 = n - a, 0 = p - n - 1. Suppose -3*w + 0*w + 189 = p. List the prime factors of w.
3, 7
Let o = -75863 - -140894. What are the prime factors of o?
3, 53, 409
Let p = 29411 + -17636. What are the prime factors of p?
3, 5, 157
Suppose -g - 3*g = 88. Let i be (-25)/10*(-2)/(-10)*g. Let q = 74 + i. List the prime factors of q.
5, 17
Let r = 23267 + -13936. List the prime factors of r.
7, 31, 43
Let x(u) = u**3 + 68*u**2 + 500*u + 69. What are the prime factors of x(-58)?
17, 277
Let m = 8 - -1. Suppose -n - 4 = 0, -t - 2*n = -n - m. List the prime factors of t.
13
Let u = 4993 - 3210. List the prime factors of u.
1783
Let o(x) = x**3 + 16*x**2 - 43*x - 20. Let y be (102/(-85))/((-1)/(-15) - 0). What are the prime factors of o(y)?
2, 53
Let y be (-1)/(-11)*42 - (-4)/22. Suppose y*g = -2*u + 14, -g + 2*u + 34 = 3*g. Suppose -3*l - 6*c + 8 = -4*c, -g = -l + c. What are the prime factors of l?
2
Let o(f) = -3*f**3 - 7*f**2 + 13. Let k be o(-4). Suppose -k*g + 79*g = -5278. List the prime factors of g.
13, 29
Suppose 4*v + 2*h + 3*h = -522, 0 = -2*h - 4. Let k = -104 - v. Let c(j) = -2*j**3 + 46*j**2 + 59*j + 14. What are the prime factors of c(k)?
2, 139
Let k be 224/32 - 17*1. Let m(t) = t**3 + 15*t**2 + 11*t + 62. List the prime factors of m(k).
2, 113
Let b(o) be the second derivative of o**4/4 - o**3/2 + 3*o**2/2 - 16*o. Let a be b(2). Suppose u - 55 = -a. List the prime factors of u.
2, 23
Let x = 30111 - -3127. List the prime factors of x.
2, 16619
Let d be 4*(2 + -9 - -5). Let t be (d/14)/(2/(-7)). List the prime factors of (t + (-244)/(-8))*4.
2, 5, 13
Suppose g + 1 = -j, 1 = j - 3*g + 2. What are the prime factors of ((-1175)/(-94))/(j/(-8))?
2, 5
Let f = 522 - 360. Suppose -4*y - 15 = -9*y. Suppose -y*c + 75 + f = 0. List the prime factors of c.
79
Let r = -52 + 10. List the prime factors of ((-50)/(-6))/((-1)/r).
2, 5, 7
Suppose 0 = g + 3*o + 224, 0 = 4*g + 4*o + 280 + 592. Suppose -21*f + 9*f - 4740 = 0. Let n = g - f. What are the prime factors of n?
2, 3, 5
Suppose 9*v + 192 = 21*v. Let p(d) = 20*d**2 - 1 - 3 - 6 - 5*d - v*d**2. List the prime factors of p(5).
5, 13
Let g(u) = 47948*u**2 + 120*u + 1. What are the prime factors of g(1)?
3, 7, 109
What are the prime factors of (-76245)/(-4) + 480/640?
2, 3, 353
Let h = -6422 + 15867. List the prime factors of h.
5, 1889
Let o(j) = -j**3 - 17*j**2 - 11*j + 25. Let r be 4 - (5/(-15))/((-1)/69). What are the prime factors of o(r)?
2, 239
Let p(r) = -8*r + 12. Let j be p(1). List the prime factors of 313 - (4/(-7))/(j/28).
317
Let d be (45873/45 - -5) + 2/(-5). Suppose d = 5*z - 1156. What are the prime factors of z?
2, 109
Suppose -m = 4*p - 70910, 18327 = -3*p - 3*m + 71496. List the prime factors of p.
17729
Let d = 22892 - 9770. List the prime factors of d.
2, 3
Suppose 4*p = -16, 3*p - 74 = -3*g - 29. Suppose 0 = g*w - 18*w - 674. What are the prime factors of w?
2, 337
Let v = 729 - -19506. What are the prime factors of v?
3, 5, 19, 71
Let x = -16519 - 23661. What are the prime factors of x/(-45) + 2/18?
19, 47
Suppose -80 = -8*u - 2*u. Let q = -5 + u. Suppose -4*o = -4*s + 8*s - 52, -2*s - q*o = -31. What are the prime factors of s?
2
Let b = -8527 + 19119. What are the prime factors of b?
2, 331
List the prime factors of 219662/8 + -2 - (22 + 1445/(-68)).
5, 17, 19
Let l be (-1)/(16/(-60308)) - 3/12. Suppose 8*k - 3775 = l. What are the prime factors of k?
23, 41
Suppose -2*c = -0*c - 5*v + 15, 0 = 3*c - 2*v + 6. Suppose -q + 22 = 4*q - 3*b, c = 3*q + 4*b + 10. Suppose q*j + 3*j = 475. What are the prime factors of j?
5, 19
Let n(z) = 310*z**3 - 2*z**2 + 10*z. Let m(u) = 465*u**3 - 3*u**2 + 16*u. Let p(a) = 5*m(a) - 8*n(a). List the prime factors of p(-1).
2, 3, 13
Let k = -433 - -436. Suppose 596 = -2*q + k*q + 5*u, 5*q + 3*u = 3068. List the prime factors of q.
2, 7, 11
Let g be (-146 - -5)*(-2)/(-6). Let t = -43 - g. Suppose 0 = -4*z + 4*v - 2*v + 604, -4*v = t*z - 580. List the prime factors of z.
149
Let b = 105096 + -61108. What are the prime factors of b?
2, 7, 1571
Suppose 5*l + 194630 + 89455 = 50*l. What are the prime factors of l?
59, 107
Suppose 488*r - 490*r = 3*f - 37622, 0 = -3*f + 3*r + 37632. What are the prime factors of f?
2, 6271
Let d(l) = 4*l**2 - 7*l + 5. Let s(k) = 21 + 24*k**2 - 70*k**2 + 15*k**2 + 2*k**3 - 17*k. Let f be s(16). What are the prime factors of d(f)?
2, 5, 7
Let p = -34 + 78. Suppose 6*n + 20 = p. Suppose n*h + 4*m - 3*m - 451 = 0, -m + 563 = 5*h. What are the prime factors of h?
2, 7
Let j(t) = t**3 - 20*t**2 + 20*t - 415. List the prime factors of j(48).
67, 971
Suppose -3*o - 36 = -15. Let g be 3*((o/(-3))/(-1) - -3). Suppose g*k + 0*k - 78 = 0. What are the prime factors of k?
3, 13
Let l(d) = 148*d - 17. Let f be l(6). Suppose -9*c + f = -2. Let y = -34 + c. What are the prime factors of y?
3, 7
Suppose 19*b - 3741 = 2263. Let z = b + 1511. What are the prime factors of z?
3, 7, 29
Let a(c) = -26*c - 57. Let y be a(-18). Let h = 806 - y. What are the prime factors of h?
5, 79
Let g(v) = 2*v**3 + 20*v**2 - 2*v - 15. Let k be g(-10). Let n(x) = x**2 - 4*x. Let q be n(k). What are the prime factors of 9 - q/10*0?
3
Let w(g) = g**2 - 17*g + 19. Let l be w(14). Let x(k) = k**2 + 21*k + 16. List the prime factors of x(l).
2, 31
Let l(z) = 2*z**2 - 25*z + 8. Let m(y) = y**3 - 5*y**2 + 5*y + 8. Let i be m(4). Let p be l(i). List the prime factors of p/(-4) + (92 - 3).
2, 3, 5
Suppose 0 = -15*r + 47*r - 13024. Let o = r - -436. List the prime factors of o.
3, 281
Suppose -5*t - 4*g = -0*g + 2321, 0 = -t + 3*g - 468. Let w = 379 - t. List the prime factors of w.
2, 211
Let r(g) = g**3 - 29*g**2 + 32*g - 25. Let w be r(28). Let t be w/27 - (-8)/(-36). Suppose t*u = 6*u - 858. What are the prime factors of u?
2, 11, 13
Suppose 5*y = -3*v + 15073, -78*v - 10037 = -80*v - y. List the prime factors of v.
2, 3, 11, 19
Let m be ((-517)/(-2))/((-17)/34). Let l = 1458 + m. List the prime factors of l.
941
Let c = 21 - 79. Let m = c + 52. What are the prime factors of ((-33)/m)/(-3 + (-292)/(-96))?
2, 3, 11
Suppose 224*r - 1755644 - 12101240 = -1272340. What are the prime factors of r?
3, 61, 307
Let z = 60719 - 36713. What are the prime factors of z?
2, 3, 4001
What are the prime factors of 1/(-5) - 0 - ((-1759692)/110 - 38)?
3, 5, 1069
Let n be 3 - (3 + 5) - 7. List the prime factors of (-1798)/(n/((-42)/(-7))).
29, 31
Let g be (-25)/(-9) + 6/27. Suppose 2*o - 5*l = 31, 0 = 4*o - 6*l + g*l - 83. Suppose 3*q = 67 + o. List the prime factors of q.
2, 3, 5
Let u(f) = -f**3 + 9*f**2 - 10*f + 21. Let o be u(8). Suppose o*n + 3*p + 2126 = 0, 0 = -0*p - 4*p - 8. Let m = -167 - n. What are the prime factors of m?
257
Let h(c) be the first derivative of -7*c**2 + 129*c - 145. List the prime factors of h(-6).
3, 71
Let x be (-2)/((-4)/6 + 0). Let c be (-1036)/140 - x/5. List the prime factors of -2 + (c/(-2) - -91).
3, 31
Suppose -5*x + 4*i = 965, 2*i + 194 = -x + 1. Suppose -v + 3*r + 263 = 0, -2*v + 529 = 5*r - 10*r. Let d = v + x. List the prime factors of d.
79
Let u = -613 - -858. Suppose u*r - 237*r - 8024 = 0. What are the prime factors of r?
17, 59
Let q = -426 + 460. What are the prime factors of (-36 + q)*(-158)/4?
79
Let r be (24/14)/(3/42). Let s be r/30 - 1672/(-10). Let d = s + -77. What are the prime factors of d?
7, 13
Suppose 5*h = -3*b + 1, 4*b = -b + 2*h + 12. Suppose -492 = -z + 4*i, b*z + 3*i - 721 - 230 = 0. List the prime factors of z.
2, 3, 5
Suppose -208 = -5*q + 247. Let m be 1 + 22/(-14) - (-128805)/3255. Suppose v = m + q. What are the prime factors of v?
2, 5, 13
Let r(d) = d**3 - 19*d**2 + 20*d - 13. Suppose -i + 2*s + 18 = -0*i, 3*s + 90 = 5*i. What are the prime factors of r(i)?
23
Let h(u) = u*